{"id":4480,"date":"2004-02-25T14:59:47","date_gmt":"2004-02-25T12:59:47","guid":{"rendered":"http:\/\/therapeia-yhteiso.fi\/saatio\/?post_type=product&#038;p=4480"},"modified":"2025-10-13T13:17:47","modified_gmt":"2025-10-13T10:17:47","slug":"rohkeus-totuuteen-martti-siiralan-juhlakirja-toim-heinonen-m-l-ym","status":"publish","type":"product","link":"https:\/\/therapeia-yhteiso.fi\/saatio\/tuote\/rohkeus-totuuteen-martti-siiralan-juhlakirja-toim-heinonen-m-l-ym\/","title":{"rendered":"Rohkeus totuuteen. Martti Siiralan juhlakirja. Toim. Heinonen M-L ym."},"content":{"rendered":"<p align=\"left\"><strong>Toim. Marja-Leena Heinonen, Johannes Myyr\u00e4, Viljo R\u00e4kk\u00f6l\u00e4inen, Pirkko Siltala ja Tuomo V\u00e4lkki, 2004, 192 s.<\/strong><\/p>\n<p>Marraskuun 29.-30. vuonna 2002 Finlandia-talossa j\u00e4rjestettiin Therapeia-s\u00e4\u00e4ti\u00f6n perustajan, psykoanalyytikko Martti Siiralan 80-vuotisp\u00e4ivien kunniaksi juhlaseminaari.<\/p>\n<p align=\"left\">T\u00e4m\u00e4 Martti Siiralan juhlakirja kokoaa yhteen tuon seminaarin antia. Psykoanalyyttista ja psykoterapeuttista aihepiiri\u00e4 on lavennettu ottamalla mukaan uskonnon, taiteiden, musiikin, elokuvan ja arkkitehtuurin alueita koskettavia kirjoituksia.<\/p>\n<p align=\"left\">Kirjassa k\u00e4sitell\u00e4\u00e4n Martti Siiralan el\u00e4m\u00e4nty\u00f6n ja ajattelun keskeisi\u00e4 elementtej\u00e4 h\u00e4nen laaja-alaisuuttaan eri n\u00e4k\u00f6kulmista l\u00e4hestyen.<\/p>\n<p align=\"left\">Kirjoittajat: Jukka Aaltonen, Gaetano Benedetti, Mikael Enckell, Jean-Max Gaudilli\u00e8re, Arno Gruen, Marja-Leena Heinonen, Juhani Ihanus, Tuomo Mannermaa, Johannes Myyr\u00e4, Juhani Pallasmaa, Juhani Rekola, Viljo R\u00e4kk\u00f6l\u00e4inen, Pirkko Siltala, Susanna V\u00e4lim\u00e4ki.<\/p>\n","protected":false},"excerpt":{"rendered":"<p>Toim. Marja-Leena Heinonen, Johannes Myyr\u00e4, Viljo R\u00e4kk\u00f6l\u00e4inen, Pirkko Siltala ja Tuomo V\u00e4lkki, 2004, 192 s. Marraskuun 29.-30. vuonna 2002 Finlandia-talossa j\u00e4rjestettiin Therapeia-s\u00e4\u00e4ti\u00f6n perustajan, psykoanalyytikko Martti Siiralan 80-vuotisp\u00e4ivien kunniaksi juhlaseminaari. T\u00e4m\u00e4 Martti Siiralan juhlakirja kokoaa yhteen tuon seminaarin antia. Psykoanalyyttista ja psykoterapeuttista aihepiiri\u00e4 on lavennettu ottamalla mukaan uskonnon, taiteiden, musiikin, elokuvan ja arkkitehtuurin alueita koskettavia kirjoituksia. [&hellip;]<\/p>\n","protected":false},"featured_media":4505,"template":"","meta":{"_acf_changed":false},"product_brand":[],"product_cat":[225],"product_tag":[],"class_list":{"0":"post-4480","1":"product","2":"type-product","3":"status-publish","4":"has-post-thumbnail","6":"product_cat-yleinen","8":"first","9":"instock","10":"taxable","11":"shipping-taxable","12":"purchasable","13":"product-type-simple"},"acf":[],"aioseo_notices":[],"_links":{"self":[{"href":"https:\/\/therapeia-yhteiso.fi\/saatio\/wp-json\/wp\/v2\/product\/4480","targetHints":{"allow":["GET"]}}],"collection":[{"href":"https:\/\/therapeia-yhteiso.fi\/saatio\/wp-json\/wp\/v2\/product"}],"about":[{"href":"https:\/\/therapeia-yhteiso.fi\/saatio\/wp-json\/wp\/v2\/types\/product"}],"wp:featuredmedia":[{"embeddable":true,"href":"https:\/\/therapeia-yhteiso.fi\/saatio\/wp-json\/wp\/v2\/media\/4505"}],"wp:attachment":[{"href":"https:\/\/therapeia-yhteiso.fi\/saatio\/wp-json\/wp\/v2\/media?parent=4480"}],"wp:term":[{"taxonomy":"product_brand","embeddable":true,"href":"https:\/\/therapeia-yhteiso.fi\/saatio\/wp-json\/wp\/v2\/product_brand?post=4480"},{"taxonomy":"product_cat","embeddable":true,"href":"https:\/\/therapeia-yhteiso.fi\/saatio\/wp-json\/wp\/v2\/product_cat?post=4480"},{"taxonomy":"product_tag","embeddable":true,"href":"https:\/\/therapeia-yhteiso.fi\/saatio\/wp-json\/wp\/v2\/product_tag?post=4480"}],"curies":[{"name":"wp","href":"https:\/\/api.w.org\/{rel}","templated":true}]}}