{"id":4472,"date":"2007-01-25T14:45:34","date_gmt":"2007-01-25T12:45:34","guid":{"rendered":"http:\/\/therapeia-yhteiso.fi\/saatio\/?post_type=product&#038;p=4472"},"modified":"2025-10-13T13:16:25","modified_gmt":"2025-10-13T10:16:25","slug":"pirkko-siltala-askelista-jotka-otamme-psykoanalyyttisia-esseita","status":"publish","type":"product","link":"https:\/\/therapeia-yhteiso.fi\/saatio\/tuote\/pirkko-siltala-askelista-jotka-otamme-psykoanalyyttisia-esseita\/","title":{"rendered":"Pirkko Siltala: Askelista, jotka otamme &#8211; psykoanalyyttisia esseit\u00e4"},"content":{"rendered":"<p><strong>Pirkko Siltala, 2007, 447 s.<\/strong><\/p>\n<p>Filosofian lisensiaatti, psykoanalyytikko Pirkko Siltalan laaja kiinnostus el\u00e4m\u00e4n ja psykoterapian eri kysymyksiin tarjoutuu luettavaksi h\u00e4nen kirjoittamassaan kahdessakymmeness\u00e4 esseess\u00e4.<\/p>\n<p>N\u00e4iss\u00e4 esseiss\u00e4\u00e4n h\u00e4n k\u00e4sittelee vankan kokemuksensa ja tiet\u00e4myksens\u00e4 avulla niin taiteeseen kuin ihmisen el\u00e4m\u00e4nkaareen ja sairastamiseen liittyvi\u00e4 kysymyksi\u00e4. H\u00e4n kehittelee edelleen n\u00e4kemyksi\u00e4\u00e4n ja liitt\u00e4\u00e4 uusinta psykoanalyyttista teoreettista tietoa aikaisempaan ajatteluunsa.<\/p>\n<p>Pirkko Siltala kirjoittaa mm. varhaisesta vuorovaikutuksesta, tyt\u00f6n kasvamisesta naiseksi, vanhemmuudesta, vanhuudesta, kuolemasta. H\u00e4n valottaa symbolisaation kehityst\u00e4, tiedostamattoman olemusta, j\u00e4lkik\u00e4tisyytt\u00e4 sek\u00e4 skitsofreniaa ja depressiota. Siltala kertoo my\u00f6s ruumiillisesta sairastamisesta.<\/p>\n<p>Katkelmat psykoterapiasta, kaunokirjallisuudesta, kansanrunoudesta ja taiteesta el\u00e4v\u00f6itt\u00e4v\u00e4t ja syvent\u00e4v\u00e4t Pirkko Siltalan vahvaa teoreettista pohdintaa. H\u00e4nen tekstins\u00e4 puhuttelee meit\u00e4 omalla herk\u00e4ll\u00e4 ja syv\u00e4\u00e4 kokemista ilmaisevalla tavalla.<\/p>\n","protected":false},"excerpt":{"rendered":"<p>Pirkko Siltala, 2007, 447 s. Filosofian lisensiaatti, psykoanalyytikko Pirkko Siltalan laaja kiinnostus el\u00e4m\u00e4n ja psykoterapian eri kysymyksiin tarjoutuu luettavaksi h\u00e4nen kirjoittamassaan kahdessakymmeness\u00e4 esseess\u00e4. N\u00e4iss\u00e4 esseiss\u00e4\u00e4n h\u00e4n k\u00e4sittelee vankan kokemuksensa ja tiet\u00e4myksens\u00e4 avulla niin taiteeseen kuin ihmisen el\u00e4m\u00e4nkaareen ja sairastamiseen liittyvi\u00e4 kysymyksi\u00e4. H\u00e4n kehittelee edelleen n\u00e4kemyksi\u00e4\u00e4n ja liitt\u00e4\u00e4 uusinta psykoanalyyttista teoreettista tietoa aikaisempaan ajatteluunsa. Pirkko Siltala [&hellip;]<\/p>\n","protected":false},"featured_media":4473,"template":"","meta":{"_acf_changed":false},"product_brand":[],"product_cat":[225],"product_tag":[],"class_list":{"0":"post-4472","1":"product","2":"type-product","3":"status-publish","4":"has-post-thumbnail","6":"product_cat-yleinen","8":"first","9":"instock","10":"taxable","11":"shipping-taxable","12":"purchasable","13":"product-type-simple"},"acf":[],"aioseo_notices":[],"_links":{"self":[{"href":"https:\/\/therapeia-yhteiso.fi\/saatio\/wp-json\/wp\/v2\/product\/4472","targetHints":{"allow":["GET"]}}],"collection":[{"href":"https:\/\/therapeia-yhteiso.fi\/saatio\/wp-json\/wp\/v2\/product"}],"about":[{"href":"https:\/\/therapeia-yhteiso.fi\/saatio\/wp-json\/wp\/v2\/types\/product"}],"wp:featuredmedia":[{"embeddable":true,"href":"https:\/\/therapeia-yhteiso.fi\/saatio\/wp-json\/wp\/v2\/media\/4473"}],"wp:attachment":[{"href":"https:\/\/therapeia-yhteiso.fi\/saatio\/wp-json\/wp\/v2\/media?parent=4472"}],"wp:term":[{"taxonomy":"product_brand","embeddable":true,"href":"https:\/\/therapeia-yhteiso.fi\/saatio\/wp-json\/wp\/v2\/product_brand?post=4472"},{"taxonomy":"product_cat","embeddable":true,"href":"https:\/\/therapeia-yhteiso.fi\/saatio\/wp-json\/wp\/v2\/product_cat?post=4472"},{"taxonomy":"product_tag","embeddable":true,"href":"https:\/\/therapeia-yhteiso.fi\/saatio\/wp-json\/wp\/v2\/product_tag?post=4472"}],"curies":[{"name":"wp","href":"https:\/\/api.w.org\/{rel}","templated":true}]}}