{"id":4466,"date":"2010-04-25T13:40:05","date_gmt":"2010-04-25T10:40:05","guid":{"rendered":"http:\/\/therapeia-yhteiso.fi\/saatio\/?post_type=product&#038;p=4466"},"modified":"2025-10-13T13:15:27","modified_gmt":"2025-10-13T10:15:27","slug":"vamik-d-volkan-hevosnainen-psykoanalyyttinen-tapausselostus","status":"publish","type":"product","link":"https:\/\/therapeia-yhteiso.fi\/saatio\/tuote\/vamik-d-volkan-hevosnainen-psykoanalyyttinen-tapausselostus\/","title":{"rendered":"Vamik D. Volkan: Hevosnainen. Psykoanalyyttinen tapausselostus"},"content":{"rendered":"<p><strong>Vamik D. Volkan, 2010, 116s.<\/strong><\/p>\n<p>Yhdysvaltalaisen psykoanalyytikon Vamik D. Volkanin\u00a0<i>Hevosnainen \u2013 Psykoanalyyttinen tapausselostus<\/i>\u00a0on kirjoittajan toinen suomennettu psykoanalyyttisen hoitoprosessin kuvaus. Kuten aiemmin julkaistu\u00a0<i>Haussa t\u00e4ydellinen nainen<\/i>, t\u00e4m\u00e4kin teos avaa lukijalle vaikeiden psyykkisten ongelmien ja ristiriitojen vaivaamaa mielenmaailmaa ja sit\u00e4 ainutlaatuista vuorovaikutusta, joka psykoanalyyttisessa hoidossa tarjoutuu ymm\u00e4rryksen ja eheytymisen mahdollistumiseksi.<\/p>\n<p>Volkan kirjoittaa psykoanalyyttisesta hoidosta arkikielell\u00e4 onnistuen puhuttelemaan niin tavallista lukijaa kuin psykoanalyysin ammattilaistakin. Hevosnaisen tapausselostus on kertomus vakavasta persoonallisuush\u00e4iri\u00f6st\u00e4 k\u00e4rsiv\u00e4n naisen psykoanalyysista ja h\u00e4nen taistelustaan mielens\u00e4 hirvi\u00f6it\u00e4 vastaan. Volkan kuvaa el\u00e4v\u00e4sti analyysituntien kulkua ja vuoropuhelua, jossa avautuu Pattien \u2013 Hevosnaisen \u2013 mielenmaailma, kuten my\u00f6s kirjoittajan psykoanalyyttinen ty\u00f6skentely ja ajattelu. Yli kuusi vuotta kest\u00e4neen psykoanalyyttisen yhteisty\u00f6n tarina alkaa Hevosnaisen astuessa Volkanin huoneeseen er\u00e4\u00e4n\u00e4 kev\u00e4tp\u00e4iv\u00e4n\u00e4.<\/p>\n<p><i>\u201dH\u00e4ness\u00e4 oli hevosen haju, ja huomasin, ett\u00e4 lika h\u00e4nen farkkushortseissaan oli kuin olikin kuivunutta lantaa. \u2013 \u2013<\/i>\u00a0<i>\u2019Olen tullut potilaaksenne. Olette viimeinen toivoni.\u2019 Havaitsin v\u00e4litt\u00f6m\u00e4sti, ett\u00e4 karkean ja paksunahkaisen olemuksen sis\u00e4ll\u00e4 oli pel\u00e4stynyt lapsi. H\u00e4n kosketti syd\u00e4nt\u00e4ni. H\u00e4n muistutti minua my\u00f6s aiemmista \u2019eritt\u00e4in vaikeista\u2019 potilaista, joiden kanssa olin ty\u00f6skennellyt. Pyysin h\u00e4nt\u00e4 istumaan alas ja puhumaan minulle.\u201d<\/i><\/p>\n<p>Kyproksenturkkilainen Volkan sai l\u00e4\u00e4ketieteellisen koulutuksensa Turkin Ankarassa. Vuonna 1957 h\u00e4n muutti Yhdysvaltoihin, miss\u00e4 h\u00e4n p\u00e4tev\u00f6ityi psykiatriksi ja psykoanalyytikoksi. Emeritusprofessori Volkan jatkaa edelleen ty\u00f6t\u00e4\u00e4n Virginian yliopistossa ja Eriksonin Koulutus- ja tutkimusinstituutissa Massachusettsissa.<\/p>\n","protected":false},"excerpt":{"rendered":"<p>Vamik D. Volkan, 2010, 116s. Yhdysvaltalaisen psykoanalyytikon Vamik D. Volkanin\u00a0Hevosnainen \u2013 Psykoanalyyttinen tapausselostus\u00a0on kirjoittajan toinen suomennettu psykoanalyyttisen hoitoprosessin kuvaus. Kuten aiemmin julkaistu\u00a0Haussa t\u00e4ydellinen nainen, t\u00e4m\u00e4kin teos avaa lukijalle vaikeiden psyykkisten ongelmien ja ristiriitojen vaivaamaa mielenmaailmaa ja sit\u00e4 ainutlaatuista vuorovaikutusta, joka psykoanalyyttisessa hoidossa tarjoutuu ymm\u00e4rryksen ja eheytymisen mahdollistumiseksi. Volkan kirjoittaa psykoanalyyttisesta hoidosta arkikielell\u00e4 onnistuen puhuttelemaan niin [&hellip;]<\/p>\n","protected":false},"featured_media":4467,"template":"","meta":{"_acf_changed":false},"product_brand":[],"product_cat":[225],"product_tag":[],"class_list":{"0":"post-4466","1":"product","2":"type-product","3":"status-publish","4":"has-post-thumbnail","6":"product_cat-yleinen","8":"first","9":"instock","10":"taxable","11":"shipping-taxable","12":"purchasable","13":"product-type-simple"},"acf":[],"aioseo_notices":[],"_links":{"self":[{"href":"https:\/\/therapeia-yhteiso.fi\/saatio\/wp-json\/wp\/v2\/product\/4466","targetHints":{"allow":["GET"]}}],"collection":[{"href":"https:\/\/therapeia-yhteiso.fi\/saatio\/wp-json\/wp\/v2\/product"}],"about":[{"href":"https:\/\/therapeia-yhteiso.fi\/saatio\/wp-json\/wp\/v2\/types\/product"}],"wp:featuredmedia":[{"embeddable":true,"href":"https:\/\/therapeia-yhteiso.fi\/saatio\/wp-json\/wp\/v2\/media\/4467"}],"wp:attachment":[{"href":"https:\/\/therapeia-yhteiso.fi\/saatio\/wp-json\/wp\/v2\/media?parent=4466"}],"wp:term":[{"taxonomy":"product_brand","embeddable":true,"href":"https:\/\/therapeia-yhteiso.fi\/saatio\/wp-json\/wp\/v2\/product_brand?post=4466"},{"taxonomy":"product_cat","embeddable":true,"href":"https:\/\/therapeia-yhteiso.fi\/saatio\/wp-json\/wp\/v2\/product_cat?post=4466"},{"taxonomy":"product_tag","embeddable":true,"href":"https:\/\/therapeia-yhteiso.fi\/saatio\/wp-json\/wp\/v2\/product_tag?post=4466"}],"curies":[{"name":"wp","href":"https:\/\/api.w.org\/{rel}","templated":true}]}}