{"id":4462,"date":"2010-09-25T11:19:15","date_gmt":"2010-09-25T08:19:15","guid":{"rendered":"http:\/\/therapeia-yhteiso.fi\/saatio\/?post_type=product&#038;p=4462"},"modified":"2025-10-13T13:14:55","modified_gmt":"2025-10-13T10:14:55","slug":"yrjo-o-alanen-entinen-aika-muistelmateos-lapsuudesta-ja-nuoruudesta","status":"publish","type":"product","link":"https:\/\/therapeia-yhteiso.fi\/saatio\/tuote\/yrjo-o-alanen-entinen-aika-muistelmateos-lapsuudesta-ja-nuoruudesta\/","title":{"rendered":"Yrj\u00f6 O. Alanen: Entinen aika. Muistelmateos lapsuudesta ja nuoruudesta"},"content":{"rendered":"<p><strong>Yrj\u00f6 O. Alanen, 2010, 198 s.<\/strong><\/p>\n<p>Psykiatrian emeritusprofessori Yrj\u00f6 O. Alanen kirjoittaa muistelmateoksessaan lapsuus- ja nuoruusvuosistaan 1930-luvulta 1950-luvulle. Intiimi, my\u00f6s huumorin v\u00e4ritt\u00e4m\u00e4 kuvaus ulottuu varhaismuistoista koulunk\u00e4yntiin sotavuosina, opintoihin yliopistolla ja lopulta aikuisuuteen kasvamiseen.<\/p>\n<p>Oma miellemaailma ristiriitoineen, suhteet l\u00e4hipiirin ihmisiin ja laajempi kulttuurinen ulottuvuus limittyv\u00e4t el\u00e4v\u00e4sti toisiinsa. Kiehtovaa on my\u00f6s kuvaus henkil\u00f6kohtaisen psykoanalyysin viritt\u00e4m\u00e4st\u00e4 kehitysprosessista sek\u00e4 ammatillisen suuntautumisen alkuvaiheesta, miss\u00e4 jo orastaa yhteys perhetutkimukseen ja skitsofrenian hoidon kehitt\u00e4miseen.<\/p>\n<p>Yrj\u00f6\u00a0O. Alanen toimi Turun yliopiston psykiatrian professorina vuosina 1968\u20131990. H\u00e4n on my\u00f6s koulutettu psykoanalyytikko (IPA). Suomen Mielenterveysseuran hallituksen puheenjohtajana h\u00e4n teki vuonna 1978 aloitteen ensimm\u00e4isen s\u00e4\u00e4nn\u00f6llisen perheterapiakoulutuksen j\u00e4rjest\u00e4misest\u00e4 maassamme. Ty\u00f6toveriensa kanssa h\u00e4n kehitti Turussa moniulotteisen, psykoterapeuttisesti suuntautuneen psykoosien hoitosuuntauksen.<\/p>\n<p>Alaselle my\u00f6nnettiin vuonna 2008 Maailman Psykiatriyhdistyksen ensimm\u00e4inen Philippe Pinel -palkinto humaanin psykiatrisen n\u00e4kemyksen ja tutkimuksen edist\u00e4misest\u00e4.<\/p>\n","protected":false},"excerpt":{"rendered":"<p>Yrj\u00f6 O. Alanen, 2010, 198 s. Psykiatrian emeritusprofessori Yrj\u00f6 O. Alanen kirjoittaa muistelmateoksessaan lapsuus- ja nuoruusvuosistaan 1930-luvulta 1950-luvulle. Intiimi, my\u00f6s huumorin v\u00e4ritt\u00e4m\u00e4 kuvaus ulottuu varhaismuistoista koulunk\u00e4yntiin sotavuosina, opintoihin yliopistolla ja lopulta aikuisuuteen kasvamiseen. Oma miellemaailma ristiriitoineen, suhteet l\u00e4hipiirin ihmisiin ja laajempi kulttuurinen ulottuvuus limittyv\u00e4t el\u00e4v\u00e4sti toisiinsa. Kiehtovaa on my\u00f6s kuvaus henkil\u00f6kohtaisen psykoanalyysin viritt\u00e4m\u00e4st\u00e4 kehitysprosessista sek\u00e4 [&hellip;]<\/p>\n","protected":false},"featured_media":4463,"template":"","meta":{"_acf_changed":false},"product_brand":[],"product_cat":[225],"product_tag":[],"class_list":{"0":"post-4462","1":"product","2":"type-product","3":"status-publish","4":"has-post-thumbnail","6":"product_cat-yleinen","8":"first","9":"instock","10":"taxable","11":"shipping-taxable","12":"purchasable","13":"product-type-simple"},"acf":[],"aioseo_notices":[],"_links":{"self":[{"href":"https:\/\/therapeia-yhteiso.fi\/saatio\/wp-json\/wp\/v2\/product\/4462","targetHints":{"allow":["GET"]}}],"collection":[{"href":"https:\/\/therapeia-yhteiso.fi\/saatio\/wp-json\/wp\/v2\/product"}],"about":[{"href":"https:\/\/therapeia-yhteiso.fi\/saatio\/wp-json\/wp\/v2\/types\/product"}],"wp:featuredmedia":[{"embeddable":true,"href":"https:\/\/therapeia-yhteiso.fi\/saatio\/wp-json\/wp\/v2\/media\/4463"}],"wp:attachment":[{"href":"https:\/\/therapeia-yhteiso.fi\/saatio\/wp-json\/wp\/v2\/media?parent=4462"}],"wp:term":[{"taxonomy":"product_brand","embeddable":true,"href":"https:\/\/therapeia-yhteiso.fi\/saatio\/wp-json\/wp\/v2\/product_brand?post=4462"},{"taxonomy":"product_cat","embeddable":true,"href":"https:\/\/therapeia-yhteiso.fi\/saatio\/wp-json\/wp\/v2\/product_cat?post=4462"},{"taxonomy":"product_tag","embeddable":true,"href":"https:\/\/therapeia-yhteiso.fi\/saatio\/wp-json\/wp\/v2\/product_tag?post=4462"}],"curies":[{"name":"wp","href":"https:\/\/api.w.org\/{rel}","templated":true}]}}