{"id":4457,"date":"2012-11-25T11:05:37","date_gmt":"2012-11-25T09:05:37","guid":{"rendered":"http:\/\/therapeia-yhteiso.fi\/saatio\/?post_type=product&#038;p=4457"},"modified":"2025-10-13T13:14:20","modified_gmt":"2025-10-13T10:14:20","slug":"yrjo-o-alanen-samassa-veneessa-psykiatrin-muistelmia-ja-merkintoja","status":"publish","type":"product","link":"https:\/\/therapeia-yhteiso.fi\/saatio\/tuote\/yrjo-o-alanen-samassa-veneessa-psykiatrin-muistelmia-ja-merkintoja\/","title":{"rendered":"Yrj\u00f6 O. Alanen: Samassa veneess\u00e4 &#8211; psykiatrin muistelmia ja merkint\u00f6j\u00e4"},"content":{"rendered":"<p><strong>Yrj\u00f6 O. Alanen, 2012<\/strong><\/p>\n<p>Psykiatrian emeritusprofessori Yrj\u00f6 O. Alanen on kirjoittanut jatkoa vuonna 2010 ilmestyneelle kirjalleen\u00a0<i>Entinen aika \u2013 muistelmateos lapsuudesta ja nuoruudesta<\/i>. T\u00e4ss\u00e4 jatko-osassa keskeisin sis\u00e4lt\u00f6 liittyy l\u00e4heisesti h\u00e4nen ammatilliseen toimintaansa Suomessa ja kansainv\u00e4lisiss\u00e4 yhteyksiss\u00e4 1950-luvulta alkaen. Lis\u00e4ksi kirja sis\u00e4lt\u00e4\u00e4 aikakautensa tapahtumien tarkastelua ja kirjoittajan el\u00e4m\u00e4nkulun el\u00e4ytyv\u00e4\u00e4 havainnointia ja analysointia.<\/p>\n<p>Kirjan nimi\u00a0<i>Samassa veneess\u00e4 \u2013 psykiatrin muistelmia ja merkint\u00f6j\u00e4\u00a0<\/i>tuo esiin Alasen jatkuvasti vahvistuneen k\u00e4sityksen, ett\u00e4 meid\u00e4n kaikkien on tiedostettava voimakkaammin perimm\u00e4inen yhteisyytemme, riippuvaisuutemme toisistamme. Olemme maapallolla kaikki samassa veneess\u00e4, jonka tulevaisuus on meist\u00e4 itsest\u00e4mme ja yhteisist\u00e4 toimistamme kiinni.<\/p>\n<p><i>Yrj\u00f6 O. Alanen toimi Turun yliopiston psykiatrian professorina vuosina 1968-1990. H\u00e4n on my\u00f6s psykoanalyytikko (IPA). Suomen Mielenterveysseuran puheenjohtajana h\u00e4n teki vuonna 1978 aloitteen ensimm\u00e4isen s\u00e4\u00e4nn\u00f6llisen psykoterapiakoulutuksen j\u00e4rjest\u00e4misest\u00e4 maassamme. Ty\u00f6toveriensa kanssa h\u00e4n kehitti Turussa moniulotteisen, psykoterapeuttisesti suuntautuneen psykoosien hoitosuuntauksen, jota sovellettiin my\u00f6s valtakunnallisen skitsofreniaprojektin puitteissa.<\/i><\/p>\n<p><i>Alaselle my\u00f6nnettiin vuonna 2008 Maailman Psykiatriyhdistyksen ensimm\u00e4inen Philippe Pinel \u2013palkinto humaanin psykiatrisen n\u00e4kemyksen ja tutkimuksen edist\u00e4misest\u00e4.<\/i><\/p>\n","protected":false},"excerpt":{"rendered":"<p>Yrj\u00f6 O. Alanen, 2012 Psykiatrian emeritusprofessori Yrj\u00f6 O. Alanen on kirjoittanut jatkoa vuonna 2010 ilmestyneelle kirjalleen\u00a0Entinen aika \u2013 muistelmateos lapsuudesta ja nuoruudesta. T\u00e4ss\u00e4 jatko-osassa keskeisin sis\u00e4lt\u00f6 liittyy l\u00e4heisesti h\u00e4nen ammatilliseen toimintaansa Suomessa ja kansainv\u00e4lisiss\u00e4 yhteyksiss\u00e4 1950-luvulta alkaen. Lis\u00e4ksi kirja sis\u00e4lt\u00e4\u00e4 aikakautensa tapahtumien tarkastelua ja kirjoittajan el\u00e4m\u00e4nkulun el\u00e4ytyv\u00e4\u00e4 havainnointia ja analysointia. Kirjan nimi\u00a0Samassa veneess\u00e4 \u2013 psykiatrin [&hellip;]<\/p>\n","protected":false},"featured_media":4458,"template":"","meta":{"_acf_changed":false},"product_brand":[],"product_cat":[225],"product_tag":[],"class_list":{"0":"post-4457","1":"product","2":"type-product","3":"status-publish","4":"has-post-thumbnail","6":"product_cat-yleinen","8":"first","9":"instock","10":"taxable","11":"shipping-taxable","12":"purchasable","13":"product-type-simple"},"acf":[],"aioseo_notices":[],"_links":{"self":[{"href":"https:\/\/therapeia-yhteiso.fi\/saatio\/wp-json\/wp\/v2\/product\/4457","targetHints":{"allow":["GET"]}}],"collection":[{"href":"https:\/\/therapeia-yhteiso.fi\/saatio\/wp-json\/wp\/v2\/product"}],"about":[{"href":"https:\/\/therapeia-yhteiso.fi\/saatio\/wp-json\/wp\/v2\/types\/product"}],"wp:featuredmedia":[{"embeddable":true,"href":"https:\/\/therapeia-yhteiso.fi\/saatio\/wp-json\/wp\/v2\/media\/4458"}],"wp:attachment":[{"href":"https:\/\/therapeia-yhteiso.fi\/saatio\/wp-json\/wp\/v2\/media?parent=4457"}],"wp:term":[{"taxonomy":"product_brand","embeddable":true,"href":"https:\/\/therapeia-yhteiso.fi\/saatio\/wp-json\/wp\/v2\/product_brand?post=4457"},{"taxonomy":"product_cat","embeddable":true,"href":"https:\/\/therapeia-yhteiso.fi\/saatio\/wp-json\/wp\/v2\/product_cat?post=4457"},{"taxonomy":"product_tag","embeddable":true,"href":"https:\/\/therapeia-yhteiso.fi\/saatio\/wp-json\/wp\/v2\/product_tag?post=4457"}],"curies":[{"name":"wp","href":"https:\/\/api.w.org\/{rel}","templated":true}]}}