{"id":4407,"date":"2025-02-04T12:44:56","date_gmt":"2025-02-04T10:44:56","guid":{"rendered":"http:\/\/therapeia-yhteiso.fi\/saatio\/?post_type=product&#038;p=4407"},"modified":"2025-10-13T13:10:05","modified_gmt":"2025-10-13T10:10:05","slug":"elavat-hetket-psykoanalyysissa-tulkinnan-taito","status":"publish","type":"product","link":"https:\/\/therapeia-yhteiso.fi\/saatio\/tuote\/elavat-hetket-psykoanalyysissa-tulkinnan-taito\/","title":{"rendered":"EL\u00c4V\u00c4T HETKET PSYKOANALYYSISSA \u2013 Tulkinnan taito"},"content":{"rendered":"<p><strong>Toim. Nina S\u00f6derblom ja Anna Zonzi, 2024<\/strong><\/p>\n<p><em>\u201dPsykoanalyyttinen tulkinta on syv\u00e4llisesti kokemuksellinen asia. Se todentuu vasta kliinisess\u00e4 tilanteessa ja vain siin\u00e4. Psykoanalyyttinen tulkinta on ymm\u00e4rryksen v\u00e4litt\u00e4mist\u00e4 potilaalle, ja se on enemm\u00e4n sis\u00e4iseen intuitioon perustuvaa taidetta ja kokemuksen tuomaa taitoa kuin tiedett\u00e4. Monet kokeneet psykoanalyytikot painottavat psykoanalyyttisen tulkinnan t\u00e4rkeytt\u00e4 ja pyrkimyst\u00e4 sen yksityiskohtaisempaan ymm\u00e4rt\u00e4miseen.\u201d<\/em><\/p>\n<p><em>\u2013 Kaj J. Davidkin<\/em><\/p>\n<p>T\u00e4m\u00e4 kirja kokoaa yhteen eri n\u00e4k\u00f6kulmia siit\u00e4, miten psykoanalyytikon tai psykoterapeutin tulkinta voi vaikuttaa psykoanalyysissa tai psyko terapiassa, ja pohditaan, kuinka t\u00e4rke\u00e4\u00e4 tulkinta juuri t\u00e4ss\u00e4 hetkess\u00e4 voi olla. Tulkinnan merkityksi\u00e4 k\u00e4yd\u00e4\u00e4n l\u00e4pi historian sek\u00e4 tunteiden biologian kautta.<\/p>\n<p>Kirjan sis\u00e4lt\u00e4mien potilas esimerkkien kautta voimme kenties ymm\u00e4rt\u00e4\u00e4 enemm\u00e4n sit\u00e4, mit\u00e4 el\u00e4v\u00e4 hetki tarkoittaa parhaimmillaan psykoanalyysissa tai psykoterapiassa. Kirjan artikkelit perustuvat Therapeia-s\u00e4\u00e4ti\u00f6n 29.\u201330.1.2021 j\u00e4rjest\u00e4m\u00e4\u00e4n seminaariin El\u00e4v\u00e4t hetket ja tulkinnan jalo taito psykoanalyysissa.<\/p>\n<p><strong>Artikkelikokoelman kirjoittajat:<\/strong><br \/>\nKaj J. Davidkin, Robert Douglas Hinshelwood, Gustav Schulman,\u00a0 Aili von Schulman<\/p>\n","protected":false},"excerpt":{"rendered":"<p>Toim. Nina S\u00f6derblom ja Anna Zonzi, 2024 \u201dPsykoanalyyttinen tulkinta on syv\u00e4llisesti kokemuksellinen asia. Se todentuu vasta kliinisess\u00e4 tilanteessa ja vain siin\u00e4. Psykoanalyyttinen tulkinta on ymm\u00e4rryksen v\u00e4litt\u00e4mist\u00e4 potilaalle, ja se on enemm\u00e4n sis\u00e4iseen intuitioon perustuvaa taidetta ja kokemuksen tuomaa taitoa kuin tiedett\u00e4. Monet kokeneet psykoanalyytikot painottavat psykoanalyyttisen tulkinnan t\u00e4rkeytt\u00e4 ja pyrkimyst\u00e4 sen yksityiskohtaisempaan ymm\u00e4rt\u00e4miseen.\u201d \u2013 Kaj [&hellip;]<\/p>\n","protected":false},"featured_media":4408,"template":"","meta":{"_acf_changed":false},"product_brand":[],"product_cat":[225],"product_tag":[],"class_list":{"0":"post-4407","1":"product","2":"type-product","3":"status-publish","4":"has-post-thumbnail","6":"product_cat-yleinen","8":"first","9":"instock","10":"taxable","11":"shipping-taxable","12":"purchasable","13":"product-type-simple"},"acf":[],"aioseo_notices":[],"_links":{"self":[{"href":"https:\/\/therapeia-yhteiso.fi\/saatio\/wp-json\/wp\/v2\/product\/4407","targetHints":{"allow":["GET"]}}],"collection":[{"href":"https:\/\/therapeia-yhteiso.fi\/saatio\/wp-json\/wp\/v2\/product"}],"about":[{"href":"https:\/\/therapeia-yhteiso.fi\/saatio\/wp-json\/wp\/v2\/types\/product"}],"wp:featuredmedia":[{"embeddable":true,"href":"https:\/\/therapeia-yhteiso.fi\/saatio\/wp-json\/wp\/v2\/media\/4408"}],"wp:attachment":[{"href":"https:\/\/therapeia-yhteiso.fi\/saatio\/wp-json\/wp\/v2\/media?parent=4407"}],"wp:term":[{"taxonomy":"product_brand","embeddable":true,"href":"https:\/\/therapeia-yhteiso.fi\/saatio\/wp-json\/wp\/v2\/product_brand?post=4407"},{"taxonomy":"product_cat","embeddable":true,"href":"https:\/\/therapeia-yhteiso.fi\/saatio\/wp-json\/wp\/v2\/product_cat?post=4407"},{"taxonomy":"product_tag","embeddable":true,"href":"https:\/\/therapeia-yhteiso.fi\/saatio\/wp-json\/wp\/v2\/product_tag?post=4407"}],"curies":[{"name":"wp","href":"https:\/\/api.w.org\/{rel}","templated":true}]}}