{"id":4541,"date":"2025-04-17T11:22:19","date_gmt":"2025-04-17T08:22:19","guid":{"rendered":"https:\/\/therapeia-yhteiso.fi\/saatio\/?page_id=4541"},"modified":"2026-03-31T11:17:30","modified_gmt":"2026-03-31T08:17:30","slug":"saannot-ja-ohjeet","status":"publish","type":"page","link":"https:\/\/therapeia-yhteiso.fi\/saatio\/saannot-ja-ohjeet\/","title":{"rendered":"S\u00e4\u00e4nn\u00f6t ja ohjeet"},"content":{"rendered":"<div class=\"wp-block-file\"><a id=\"wp-block-file--media-b4f08c52-3d6b-43e0-a409-798bc203e411\" href=\"https:\/\/therapeia-yhteiso.fi\/saatio\/wp-content\/uploads\/sites\/2\/2025\/04\/therapeia-saation-saannot-2019.pdf\">Therapeia-s\u00e4\u00e4ti\u00f6n s\u00e4\u00e4nn\u00f6t 2019<\/a><a href=\"https:\/\/therapeia-yhteiso.fi\/saatio\/wp-content\/uploads\/sites\/2\/2025\/04\/therapeia-saation-saannot-2019.pdf\" class=\"wp-block-file__button wp-element-button\" download aria-describedby=\"wp-block-file--media-b4f08c52-3d6b-43e0-a409-798bc203e411\">Lataa<\/a><\/div><div class=\"wp-block-file\"><a id=\"wp-block-file--media-99c6e286-1b93-4166-9985-a66c96b481f5\" href=\"https:\/\/therapeia-yhteiso.fi\/saatio\/wp-content\/uploads\/sites\/2\/2025\/04\/ammattieettisen-toimikunnan-saannot-42022.pdf\">Ammattieettisen toimikunnan s\u00e4\u00e4nn\u00f6t 4.2022<\/a><a href=\"https:\/\/therapeia-yhteiso.fi\/saatio\/wp-content\/uploads\/sites\/2\/2025\/04\/ammattieettisen-toimikunnan-saannot-42022.pdf\" class=\"wp-block-file__button wp-element-button\" download aria-describedby=\"wp-block-file--media-99c6e286-1b93-4166-9985-a66c96b481f5\">Lataa<\/a><\/div><div class=\"wp-block-file\"><a id=\"wp-block-file--media-e4f1b613-1720-422d-a97d-b8d0a5dc75ce\" href=\"https:\/\/therapeia-yhteiso.fi\/saatio\/wp-content\/uploads\/sites\/2\/2026\/03\/ts-ammattieettiset-ohjeet-final-2026-2.pdf\">TS Ammattieettiset ohjeet (Final) 2026<\/a><a href=\"https:\/\/therapeia-yhteiso.fi\/saatio\/wp-content\/uploads\/sites\/2\/2026\/03\/ts-ammattieettiset-ohjeet-final-2026-2.pdf\" class=\"wp-block-file__button wp-element-button\" download aria-describedby=\"wp-block-file--media-e4f1b613-1720-422d-a97d-b8d0a5dc75ce\">Lataa<\/a><\/div><div class=\"wp-block-file\"><a id=\"wp-block-file--media-3a87ab03-5951-4111-83f2-e58c9a880bdc\" href=\"https:\/\/therapeia-yhteiso.fi\/saatio\/wp-content\/uploads\/sites\/2\/2026\/03\/ammattietiikka-psykoterapeutin-tyossa-final-2026-1.pdf\">Ammattietiikka psykoterapeutin tyo\u0308ssa\u0308 (Final) 2026<\/a><a href=\"https:\/\/therapeia-yhteiso.fi\/saatio\/wp-content\/uploads\/sites\/2\/2026\/03\/ammattietiikka-psykoterapeutin-tyossa-final-2026-1.pdf\" class=\"wp-block-file__button wp-element-button\" download aria-describedby=\"wp-block-file--media-3a87ab03-5951-4111-83f2-e58c9a880bdc\">Lataa<\/a><\/div><div class=\"wp-block-file\"><a id=\"wp-block-file--media-96f85541-0b36-4ccd-b69a-94a79ab5461e\" href=\"https:\/\/therapeia-yhteiso.fi\/saatio\/wp-content\/uploads\/sites\/2\/2026\/03\/kouluttajan-ammattietiikka-final-2026-1.pdf\">Kouluttajan ammattietiikka (Final) 2026<\/a><a href=\"https:\/\/therapeia-yhteiso.fi\/saatio\/wp-content\/uploads\/sites\/2\/2026\/03\/kouluttajan-ammattietiikka-final-2026-1.pdf\" class=\"wp-block-file__button wp-element-button\" download aria-describedby=\"wp-block-file--media-96f85541-0b36-4ccd-b69a-94a79ab5461e\">Lataa<\/a><\/div><p><\/p>","protected":false},"excerpt":{"rendered":"","protected":false},"author":1,"featured_media":0,"parent":0,"menu_order":5,"comment_status":"closed","ping_status":"closed","template":"","meta":{"_acf_changed":false,"footnotes":""},"class_list":["post-4541","page","type-page","status-publish","hentry"],"acf":[],"aioseo_notices":[],"_links":{"self":[{"href":"https:\/\/therapeia-yhteiso.fi\/saatio\/wp-json\/wp\/v2\/pages\/4541","targetHints":{"allow":["GET"]}}],"collection":[{"href":"https:\/\/therapeia-yhteiso.fi\/saatio\/wp-json\/wp\/v2\/pages"}],"about":[{"href":"https:\/\/therapeia-yhteiso.fi\/saatio\/wp-json\/wp\/v2\/types\/page"}],"author":[{"embeddable":true,"href":"https:\/\/therapeia-yhteiso.fi\/saatio\/wp-json\/wp\/v2\/users\/1"}],"replies":[{"embeddable":true,"href":"https:\/\/therapeia-yhteiso.fi\/saatio\/wp-json\/wp\/v2\/comments?post=4541"}],"version-history":[{"count":4,"href":"https:\/\/therapeia-yhteiso.fi\/saatio\/wp-json\/wp\/v2\/pages\/4541\/revisions"}],"predecessor-version":[{"id":4738,"href":"https:\/\/therapeia-yhteiso.fi\/saatio\/wp-json\/wp\/v2\/pages\/4541\/revisions\/4738"}],"wp:attachment":[{"href":"https:\/\/therapeia-yhteiso.fi\/saatio\/wp-json\/wp\/v2\/media?parent=4541"}],"curies":[{"name":"wp","href":"https:\/\/api.w.org\/{rel}","templated":true}]}}