{"id":4249,"date":"2024-11-11T08:48:03","date_gmt":"2024-11-11T06:48:03","guid":{"rendered":"http:\/\/therapeia-yhteiso.fi\/psykoterapia-lehti\/?page_id=4249"},"modified":"2026-02-24T10:14:43","modified_gmt":"2026-02-24T08:14:43","slug":"tilaa-lehti","status":"publish","type":"page","link":"https:\/\/therapeia-yhteiso.fi\/psykoterapia-lehti\/tilaa-lehti\/","title":{"rendered":"Tilaa lehti"},"content":{"rendered":"\n<h2 class=\"wp-block-heading\">Tilaushinta v. 2026<\/h2>\n\n\n\n<ul class=\"wp-block-list\">\n<li>yhteis\u00f6tilaus&nbsp;220 \u20ac:kun lehti tilataan YRITYKSEN nimell\u00e4, kyseess\u00e4 on yhteis\u00f6tilaus (ei alennuksia).<\/li>\n\n\n\n<li>yksil\u00f6tilauksena 60 \u20ac (kesto) ja 65 \u20ac (vuosi)<\/li>\n\n\n\n<li>opiskelijatilauksena (perustutkinto-opiskelijat) 27,50 \u20ac<\/li>\n\n\n\n<li>irtonumeron hinta 21\u20ac<\/li>\n<\/ul>\n\n\n\n<p>Opiskelijatilaus on aina m\u00e4\u00e4r\u00e4aikainen vuositilaus, joka on uusittava vuosittain.<\/p>\n\n\n\n<p>Kestotilaus alkaa seuraavasta ilmestyv\u00e4st\u00e4 numerosta, muut tilaukset k\u00e4sitt\u00e4v\u00e4t koko kuluvan vuoden. Laskutus on aina kalenterivuosittain.<\/p>\n\n\n\n<div class=\"wp-block-buttons is-content-justification-left is-layout-flex wp-container-core-buttons-is-layout-fdcfc74e wp-block-buttons-is-layout-flex\">\n<div class=\"wp-block-button\"><a class=\"wp-block-button__link has-purple-background-color has-background has-text-align-center wp-element-button\" href=\"http:\/\/www.psykoterapia-lehti.fi\/verkkolehti\/tilaa-lehti\">Lehden tilaukseen<\/a><\/div>\n<\/div>\n\n\n\n<p><\/p>\n\n\n\n<p><\/p>\n","protected":false},"excerpt":{"rendered":"<p>Tilaushinta v. 2026 Opiskelijatilaus on aina m\u00e4\u00e4r\u00e4aikainen vuositilaus, joka on uusittava vuosittain. Kestotilaus alkaa seuraavasta ilmestyv\u00e4st\u00e4 numerosta, muut tilaukset k\u00e4sitt\u00e4v\u00e4t koko kuluvan vuoden. Laskutus on aina kalenterivuosittain.<\/p>\n","protected":false},"author":1,"featured_media":0,"parent":0,"menu_order":4,"comment_status":"closed","ping_status":"closed","template":"","meta":{"_acf_changed":false,"footnotes":""},"class_list":["post-4249","page","type-page","status-publish","hentry"],"acf":[],"aioseo_notices":[],"_links":{"self":[{"href":"https:\/\/therapeia-yhteiso.fi\/psykoterapia-lehti\/wp-json\/wp\/v2\/pages\/4249","targetHints":{"allow":["GET"]}}],"collection":[{"href":"https:\/\/therapeia-yhteiso.fi\/psykoterapia-lehti\/wp-json\/wp\/v2\/pages"}],"about":[{"href":"https:\/\/therapeia-yhteiso.fi\/psykoterapia-lehti\/wp-json\/wp\/v2\/types\/page"}],"author":[{"embeddable":true,"href":"https:\/\/therapeia-yhteiso.fi\/psykoterapia-lehti\/wp-json\/wp\/v2\/users\/1"}],"replies":[{"embeddable":true,"href":"https:\/\/therapeia-yhteiso.fi\/psykoterapia-lehti\/wp-json\/wp\/v2\/comments?post=4249"}],"version-history":[{"count":5,"href":"https:\/\/therapeia-yhteiso.fi\/psykoterapia-lehti\/wp-json\/wp\/v2\/pages\/4249\/revisions"}],"predecessor-version":[{"id":4311,"href":"https:\/\/therapeia-yhteiso.fi\/psykoterapia-lehti\/wp-json\/wp\/v2\/pages\/4249\/revisions\/4311"}],"wp:attachment":[{"href":"https:\/\/therapeia-yhteiso.fi\/psykoterapia-lehti\/wp-json\/wp\/v2\/media?parent=4249"}],"curies":[{"name":"wp","href":"https:\/\/api.w.org\/{rel}","templated":true}]}}