{"id":4158,"date":"2024-04-09T11:05:04","date_gmt":"2024-04-09T08:05:04","guid":{"rendered":"http:\/\/therapeia-yhteiso.fi\/psykoterapia-lehti\/?page_id=4158"},"modified":"2025-04-16T12:55:24","modified_gmt":"2025-04-16T09:55:24","slug":"yhteystiedot","status":"publish","type":"page","link":"https:\/\/therapeia-yhteiso.fi\/psykoterapia-lehti\/yhteystiedot\/","title":{"rendered":"Yhteystiedot"},"content":{"rendered":"\n<div class=\"wp-block-columns is-layout-flex wp-container-core-columns-is-layout-9d6595d7 wp-block-columns-is-layout-flex\">\n<div class=\"wp-block-column is-layout-flow wp-block-column-is-layout-flow\">\n<h2 class=\"wp-block-heading\">Toimitus:<\/h2>\n\n\n\n<p><strong>P\u00e4\u00e4toimittajat:<\/strong><\/p>\n\n\n\n<p><em>Markus Johansson<\/em>, p. 050 346 8932<br>psykoterapiamj@gmail.com<\/p>\n\n\n\n<p><strong>Toimittajat:<\/strong><\/p>\n\n\n\n<p><em>Juhani Ihanus<\/em>, p. 040 952 6760<br>juhani.ihanus@helsinki.fi<\/p>\n\n\n\n<p><em>Mirja Malmberg<\/em>, p. 040 838 1997<br>mirja.malmberg@pp1.inet.fi<\/p>\n\n\n\n<p><em>Joona Mikkola<\/em>, p. 050 304 8446<br>jlmikkola@gmail.com<\/p>\n\n\n\n<p><em>Martti Tuohimets\u00e4<\/em>, p. 050 566 6068<br>martti.tuohimetsa@kolumbus.fi<\/p>\n\n\n\n<p><em>Harri Virtanen<\/em>, p. 050 347 7716<br>harri@terapiahuonetahdet.fi<\/p>\n\n\n\n<p><strong>Toimitussihteeri:<\/strong><\/p>\n\n\n\n<p><em>Kristiina Lindfors<\/em>, p. 040 831 0743<br>kristiina.lindfors@fimnet.fi<\/p>\n<\/div>\n\n\n\n<div class=\"wp-block-column is-layout-flow wp-block-column-is-layout-flow\">\n<h2 class=\"wp-block-heading\">Toimitusneuvosto:<\/h2>\n\n\n\n<p><strong>Puheenjohtaja:<\/strong><\/p>\n\n\n\n<p><em>Niina Rita, p. 040 595 4036<br>niinajrita@gmail.com<\/em><\/p>\n\n\n\n<p><strong>Varapuheenjohtaja:<\/strong><\/p>\n\n\n\n<p><em>Jonna Salomaa, p. 050 412 3631<br>jonna.e.salomaa@gmail.com<\/em><\/p>\n\n\n\n<p><strong>J\u00e4senet:<br><\/strong><br><em>Kaisa-Maria Leskinen<\/em>, p. 044 977 1254<br>km.omahuone@gmail.com<\/p>\n\n\n\n<p><em>Tuomo Tikkanen<\/em>, p. 0400 459 742<br>tuomoajtikkanen@gmail.com<\/p>\n<\/div>\n<\/div>\n\n\n\n<h2 class=\"wp-block-heading\">Lehden tilauksiin liittyv\u00e4t yhteydenotot:<\/h2>\n\n\n\n<p><strong>Therapeia-s\u00e4\u00e4ti\u00f6n toimisto:<\/strong><\/p>\n\n\n\n<p>toimisto@therapeiasaatio.fi<\/p>\n","protected":false},"excerpt":{"rendered":"<p>Toimitus: P\u00e4\u00e4toimittajat: Markus Johansson, p. 050 346 8932psykoterapiamj@gmail.com Toimittajat: Juhani Ihanus, p. 040 952 6760juhani.ihanus@helsinki.fi Mirja Malmberg, p. 040 838 1997mirja.malmberg@pp1.inet.fi Joona Mikkola, p. 050 304 8446jlmikkola@gmail.com Martti Tuohimets\u00e4, p. 050 566 6068martti.tuohimetsa@kolumbus.fi Harri Virtanen, p. 050 347 7716harri@terapiahuonetahdet.fi Toimitussihteeri: Kristiina Lindfors, p. 040 831 0743kristiina.lindfors@fimnet.fi Toimitusneuvosto: Puheenjohtaja: Niina Rita, p. 040 595 4036niinajrita@gmail.com Varapuheenjohtaja: [&hellip;]<\/p>\n","protected":false},"author":1,"featured_media":0,"parent":0,"menu_order":3,"comment_status":"closed","ping_status":"closed","template":"","meta":{"_acf_changed":false,"footnotes":""},"class_list":["post-4158","page","type-page","status-publish","hentry"],"acf":[],"aioseo_notices":[],"_links":{"self":[{"href":"https:\/\/therapeia-yhteiso.fi\/psykoterapia-lehti\/wp-json\/wp\/v2\/pages\/4158","targetHints":{"allow":["GET"]}}],"collection":[{"href":"https:\/\/therapeia-yhteiso.fi\/psykoterapia-lehti\/wp-json\/wp\/v2\/pages"}],"about":[{"href":"https:\/\/therapeia-yhteiso.fi\/psykoterapia-lehti\/wp-json\/wp\/v2\/types\/page"}],"author":[{"embeddable":true,"href":"https:\/\/therapeia-yhteiso.fi\/psykoterapia-lehti\/wp-json\/wp\/v2\/users\/1"}],"replies":[{"embeddable":true,"href":"https:\/\/therapeia-yhteiso.fi\/psykoterapia-lehti\/wp-json\/wp\/v2\/comments?post=4158"}],"version-history":[{"count":3,"href":"https:\/\/therapeia-yhteiso.fi\/psykoterapia-lehti\/wp-json\/wp\/v2\/pages\/4158\/revisions"}],"predecessor-version":[{"id":4278,"href":"https:\/\/therapeia-yhteiso.fi\/psykoterapia-lehti\/wp-json\/wp\/v2\/pages\/4158\/revisions\/4278"}],"wp:attachment":[{"href":"https:\/\/therapeia-yhteiso.fi\/psykoterapia-lehti\/wp-json\/wp\/v2\/media?parent=4158"}],"curies":[{"name":"wp","href":"https:\/\/api.w.org\/{rel}","templated":true}]}}